o?
1
Let m(f) = f**3 - 12*f**2 + 14*f + 15. Suppose -h = 2*o + 10, 5*h - 3*o + 1 - 3 = 0. Let v be (17/h + 3)*-2. What is the units digit of m(v)?
8
Suppose 0 = -3*d - 3*x + 1287, 6*d - d - 5*x = 2185. What is the tens digit of d?
3
Let f be 6/45 - 215/(-75). What is the units digit of 0/(-7) + 44*f?
2
Suppose -3*h - s = -0*h + 7, -5*h + s - 1 = 0. What is the tens digit of h - (-54 + 0/4)?
5
Let a(h) = 102*h - 140. What is the hundreds digit of a(10)?
8
Let v(u) = -u**3 + 5*u**2 + 6. Let g be v(5). Suppose -5*r + g*r - 5 = 0. Suppose r*n - 2*x = 270, -6*n - 2*x + 250 = -n. What is the tens digit of n?
5
Suppose 5*j = -5*j + 13890. What is the hundreds digit of j?
3
Suppose -2*t = -5*l + 6836, -5*l + 5262 = 2*t - 1562. What is the units digit of l?
6
Suppose 2*a + 2*v = 5*a - 2465, 0 = -4*a + 4*v + 3280. What is the units digit of a?
5
Let y = -1558 - -2185. What is the units digit of y?
7
Let p be (-16 + 19)*(-70)/(-3). Suppose -24 = 3*g - 3*h, -5*h + 26 = -2*g - h. What is the tens digit of p/4 - g/6?
1
Let i(n) = n**3 + 6*n**2 + n + 8. Let k be 8/3*(-27)/12. Let y be i(k). What is the tens digit of ((-5)/(-4))/(y/32)?
2
Let t(p) = -p**2 + 5*p - 6. Let a be (5/(-2))/(-1)*2. Let b be t(a). Let g = b - -7. What is the units digit of g?
1
Let s(i) = i - 17. Let h be s(-15). What is the hundreds digit of (h/12 - -2)*-249?
1
Suppose -3336 = -24*v + 22*v. What is the units digit of v?
8
Suppose -4 = b + 13. Let q = 26 + b. Suppose q + 11 = 4*c. What is the units digit of c?
5
Suppose -77 = -2*u + 91. Suppose 5*n = u - 4. What is the tens digit of n?
1
Suppose h = -24 - 55. Let n be 16/56 + h/7. Let b = 35 + n. What is the units digit of b?
4
Let l(d) = -2*d**3 - 3*d**2 + 2*d + 5. Let x be l(-2). Let r(t) = -t - 1. Let n be r(-3). Suppose x*q = 37 - n. What is the units digit of q?
7
Let s = -33 - -54. Suppose -1 = 5*o - s. Suppose 5*u - 105 = -o*d, -3*d = 2*d. What is the tens digit of u?
2
Suppose -44 + 5 = -3*v. Suppose -v + 3 = -5*f. What is the units digit of f?
2
Let a = 2871 + -1083. What is the tens digit of a?
8
Let u be (0 - (-5)/4)*(1 + 11). What is the tens digit of (-9)/u - (-1352)/20?
6
Suppose 2*w - z - z - 2 = 0, -3*w = -2*z + 2. Let c be w*15/10 - 4. What is the units digit of ((-612)/(-85))/((-4)/c)?
8
Suppose 0*k + 1 = l - k, 0 = -l - 2*k + 10. Let y = -2 + l. What is the units digit of (10 + y)*3/9?
4
Let f(h) = h**3 + 29*h**2 + 4*h + 37. What is the thousands digit of f(-21)?
3
Let r(u) = 3*u**2 - 41*u - 91. Let b(i) = -2*i**2 + 21*i + 46. Let a(q) = -5*b(q) - 3*r(q). What is the tens digit of a(-19)?
6
Suppose 0 = -11*n - 13 - 317. What is the hundreds digit of (-3105)/n + 6/4?
1
Let t be (9/15)/((-4)/(-20)). Let c(u) = 15*u - 3. What is the units digit of c(t)?
2
Suppose u - 3*m = 9, -2*m = -5*u - 0 + 6. What is the units digit of (75/(-25))/(u - 2/82)?
3
Let a = 1 - 1. Suppose -4*w - w + 390 = a. Suppose -6*l + 3*l + w = 0. What is the tens digit of l?
2
Let o(k) = 4*k**2 - 21*k - 152. What is the tens digit of o(-10)?
5
Let x = -15 + 26. Let z be (-6)/3*9/2. Let i = z + x. What is the units digit of i?
2
Let p = -1119 - -1557. What is the units digit of p?
8
Let v be 90/(-27)*(-6)/5. Suppose -3*s = 4*j - v, -2*j - j - 26 = -5*s. Suppose 0*x - k - 70 = -5*x, 0 = s*x + 2*k - 70. What is the units digit of x?
5
Let x(z) = 13*z + 3. Let b be x(-2). Let m = 75 + b. What is the units digit of m?
2
Let r = -9 - -12. Suppose -3*s = -m + 45, r*m - 159 = -0*s + 3*s. What is the tens digit of m?
5
Suppose 0 = 799*j - 806*j + 2044. What is the units digit of j?
2
Suppose 2*u + 55 = 5*t, -3*u - 8 + 49 = 2*t. Suppose 336 = t*x - 7*x. What is the tens digit of x?
5
Let d(c) = -4*c + 10. Let i be d(4). Let v be (-10)/(-20) + i/(-4). What is the tens digit of (-107)/(-5) + v/(-5)?
2
Let z(m) be the third derivative of m**5/30 - 7*m**4/12 + 49*m**3/6 - 13*m**2. What is the tens digit of z(7)?
4
Suppose -4*s - 1116 = -5*k, -6*k + 1118 = -k - 2*s. What is the tens digit of k?
2
Let u be (-9)/(-6)*64/6. Let f = u + -16. What is the units digit of 1 - ((f - 20) + 3)?
8
Let n be (-16)/(-72) - (-227)/(-9). Let t = n + 48. What is the tens digit of t?
2
What is the units digit of (31 - -71) + (-1 - -2 - 2)?
1
Let n(f) = -2 - f**2 + f**3 + 3 - f + 0*f. Suppose 0*a = -4*v + 3*a + 3, 0 = -5*v + 5*a. What is the tens digit of n(v)?
1
Suppose 9 + 0 = 3*g. Let y(t) = 5*t**g + 0*t - 6 - 4*t**3 - 3*t + 0*t + 5*t**2. What is the units digit of y(-4)?
2
Let w be ((-5)/10)/(1*(-1)/120). Suppose w = -8*q + 596. What is the units digit of q?
7
Let g be (1 + 1)*(-9)/(-6). What is the units digit of g/(-18) - 129/(-18)?
7
Let q = -183 + 851. Suppose 0 = 4*u + 4*l - q, 0 = -0*u - 3*u - l + 495. What is the hundreds digit of u?
1
Suppose -2*o + 5*x = 4 + 2, -3*o + 2*x = -2. Suppose 5*t = -5*y, y - 2*t - 10 = o*t. Suppose y*u + 15 - 105 = 0. What is the tens digit of u?
4
Suppose 4*x - x - 213 = 0. Suppose 3*a = 9, -u - 45 = -0*u + 2*a. Let h = x + u. What is the tens digit of h?
2
What is the units digit of ((-23782)/33)/((-8)/12)?
1
Suppose -18*y + 1961 = -1009. What is the units digit of y?
5
Suppose -4*n = -4*w + 120, 2*n + 12 = w - 20. Suppose -43 = -x - w. What is the tens digit of x?
1
Suppose -3*x = -g + 138, 2*x = 2*g - 3*g + 143. Let d = 208 - g. Suppose 0 = -4*p + 3*y + d, 4*p - 4*y = -p + 85. What is the tens digit of p?
1
Let m be 1*(2 - 2) - 66. Let u = m + 108. What is the units digit of u?
2
Suppose -4*o = 2*w - 32, -2*w - 3*o - 6 + 34 = 0. Suppose -3*l + w*l - 10 = 0. Suppose 0 = -c - l*c + 18. What is the units digit of c?
6
Let a be (8 + -1)*(-3 + 2). Let o(t) = -7*t**2 - t - 6. Let k be o(a). What is the tens digit of (-1)/(-5) - k/15?
2
What is the tens digit of 1798 - (28/(-98) - 30/(-7))?
9
Let r(o) = o**3 + 16*o**2 - 18*o + 40. What is the tens digit of r(-14)?
8
Suppose -5*c - 3*c + 27264 = 0. What is the tens digit of c/27 + (-2)/9?
2
Let r = -9 - -17. Suppose r*p - 4*p = 244. What is the units digit of p?
1
Suppose 996 + 7254 = 10*n. What is the hundreds digit of n?
8
Suppose q = 8 + 315. Let z = -216 + q. What is the tens digit of z?
0
Let f = 212 + 888. What is the hundreds digit of f?
1
Suppose -2*a = -5*b + 16, -b - 2*a + 3 = 7. Suppose -3*o = -4*i - 493, b*o - 4*i - 80 = 242. What is the tens digit of o?
7
Suppose 4*l - 2*g = 32, -3*g - 8 = -2*l + 16. Suppose -r = -b + 3, 3*b - l*r - 9 = -2*r. What is the units digit of -1*(b - (2 - -15))?
4
Suppose 0*m - 3*m = 9. What is the units digit of (1 - (0 - m))*(-93)/2?
3
Let u(l) = l**3 + 10*l**2 - 2*l - 15. Let m be u(-10). Suppose -5*d = -h - 12, -m*d + 18 + 2 = 0. Suppose 2*y + h = 46. What is the tens digit of y?
1
Let g(v) be the first derivative of -v**3/3 + 6*v**2 - 9*v - 3. Let n be g(11). Suppose l - 49 = -4*p, -3*l - n*p = l - 182. What is the tens digit of l?
4
Let l be 2/3 - 5*195/(-9). Let b = l + -1. What is the units digit of b?
8
Let x(v) = v**2 - 3 + 3*v**2 - 2*v**2 + 5*v. What is the units digit of x(-4)?
9
Suppose -4*m + 0*m - 3*n + 39 = 0, 5*n = -4*m + 33. Let a = m - 5. Suppose -2*o + a*o = 120. What is the units digit of o?
4
Let v(q) be the third derivative of -11*q**4/24 - 11*q**3/6 + 6*q**2. What is the tens digit of v(-7)?
6
Let l be (-3)/(48/(-244))*16. Suppose 5*q = 156 + l. What is the tens digit of q?
8
Let p(v) = -20*v**2 + 48*v**2 + 2 + 10*v**3 - 26*v**2 - 3*v. What is the tens digit of p(1)?
1
Let i = 58 - 58. What is the tens digit of (-5907)/(-44) + 3/(-12) + i?
3
Let n(v) = -10*v + 35. Let o be n(3). What is the units digit of (1 - -55) + -3 + o?
8
Suppose 2*a - 2*d = 3*d + 360, -574 = -3*a - d. Let s(n) = -n**3 + 15*n**2 - 26*n + 172. Let g be s(14). Suppose -38 = g*c - a. What is the tens digit of c?
3
Suppose -6*t = -2*t - 2*p + 5450, -t + 4*p - 1380 = 0. What is the tens digit of t/(-15) - 4/6?
9
Let w be -1*2 + -3 + 16. Let p = -15 + w. What is the units digit of p/22 - (-1165)/55?
1
What is the tens digit of (8 - 5)/((-9)/(-4731))?
7
Suppose -21*c + 20763 = 4*f - 20*c, -3*c = 2*f - 10389. What is the tens digit of f?
9
Let q = -611 - -1805. What is the tens digit of q?
9
Suppose 39 = -i + 2*i. Let f = 74 - i. Suppose q - j - f = 0, 4*q - j = -4*j + 119. What is the tens digit of q?
3
Let o(r) = -22*r - 1. Let i be o(-2). Let x = -29 + 33. Suppo